3 - 12*r**2 - 259*r - 1686. What is c(25)?
-36
Let l(s) = 8*s**3 - s**2 - 56*s - 414. Calculate l(-5).
-1159
Let z(x) = 59727*x - 2866870. Determine z(48).
26
Let j(a) = -5*a**2 + 255*a - 2297. What is j(39)?
43
Let c(x) = -1133*x**2 - 29466*x - 200. What is c(-26)?
8
Let n(a) = -2*a**3 + 93*a**2 - 2020*a + 90684. Give n(46).
-120
Let w(v) = -301*v**3 + 26*v**2 - 97*v + 70. What is w(1)?
-302
Let y(w) = -212*w**2 - 166*w - 234. Calculate y(-2).
-750
Let q(p) = 160*p + 17173. What is q(-111)?
-587
Let y(m) = -m**3 - 126*m**2 + 2294*m - 290. Give y(-142).
-3414
Let g(o) = 5*o**3 - 450*o**2 + 445*o + 7. What is g(89)?
7
Let s(m) = 518*m + 231959. What is s(-448)?
-105
Let j(d) = -d**2 - 9930*d - 1. Determine j(0).
-1
Let b(g) = -98*g + 23716. Calculate b(203).
3822
Let q(p) = -378*p - 258. Determine q(0).
-258
Let k(d) = -3*d**3 + 10*d**2 + 185*d - 331. What is k(9)?
-43
Let k(r) = 4*r**2 - 152*r + 388. Give k(33).
-272
Let o(q) = -333390*q - 333384. What is o(-1)?
6
Let w(a) = -a**2 + 218*a + 1101. Give w(-5).
-14
Let m(l) = -29*l**2 - 1360*l - 14284. What is m(-31)?
7
Let d(z) = -29531*z + 472506. Calculate d(16).
10
Let h(m) = -12862*m - 77019. Determine h(-6).
153
Let b(y) = -y**3 - 4*y**2 - 357*y - 1065. Calculate b(-3).
-3
Let n(z) = -263*z - 22731. Determine n(-87).
150
Let k(h) = 6*h**3 + 343*h**2 + 67*h + 254. Calculate k(-57).
-316
Let f(v) = v**3 - 339*v**2 - 6286*v + 83312. What is f(356)?
8
Let w(y) = y**2 - 352*y + 12155. Determine w(39).
-52
Let y(q) = 3*q**3 + 76*q**2 + 22*q + 757. Determine y(-27).
-3482
Let m(d) = -5*d**2 + 91*d + 1. What is m(18)?
19
Let f(k) = -5*k**3 + 2*k**2 - 92*k - 335. Determine f(-4).
385
Let b(f) = 7*f**3 - 66*f**2 + 25*f - 20. Determine b(9).
-38
Let k(o) = -38*o**3 + 24400*o**2 - 2571*o + 1918. Determine k(642).
-8
Let w(g) = -38450*g + 1807137. Calculate w(47).
-13
Let x(o) = -3*o**2 + 669*o - 13191. What is x(22)?
75
Let z(u) = -430*u**2 + 88*u - 86. Determine z(1).
-428
Let d(q) = 2*q**3 + 35*q**2 - 967*q - 128. Determine d(15).
-8
Let i(x) = -367*x**2 + 4392*x + 132. Determine i(12).
-12
Let s(o) = 4*o**2 + 382*o - 1063. Give s(-98).
-83
Let j(h) = -350*h - 12230. Give j(-35).
20
Let t(h) = -h**2 - 1668*h + 96545. Determine t(56).
1
Let l(x) = -2*x**3 + 86*x**2 + 703*x - 15. Determine l(-7).
-36
Let d(v) = -1650*v**3 - 6603*v**2 - 23*v - 47. Give d(-4).
-3
Let a(q) = q**3 - 47*q**2 - 43*q + 1993. What is a(47)?
-28
Let z(a) = -806*a + 33911. Calculate z(42).
59
Let q(m) = -26158*m + 758571. Calculate q(29).
-11
Let n(m) = 24*m**3 + 67*m**2 + 5*m. What is n(3)?
1266
Let u(v) = -v**3 - 16*v**2 + 46*v + 752. Calculate u(-16).
16
Let x(n) = -624*n + 13654. What is x(22)?
-74
Let z(o) = o**2 - 105128*o - 2944350. Give z(-28).
18
Let z(b) = -45*b**3 + 9*b**2 - 13*b + 3. Determine z(1).
-46
Let z(x) = -351*x + 75555. Give z(215).
90
Let x(g) = -2*g**3 + 71*g**2 + 71*g - 761. What is x(36)?
499
Let x(y) = -y**2 - 11426*y + 758499. What is x(66)?
27
Let z(h) = 157*h - 833. Determine z(10).
737
Let c(i) = -471*i - 33932. What is c(-71)?
-491
Let x(a) = 11906*a - 761975. Give x(64).
9
Let h(g) = 2730*g - 32736. Determine h(12).
24
Let y(v) = 36*v**2 + 4564*v - 13907. Give y(3).
109
Let y(g) = 12*g**3 - 18*g**2 + 57*g - 119. Calculate y(2).
19
Let o(i) = i**2 - 642*i + 8546. Determine o(13).
369
Let c(b) = -8046*b + 96558. Determine c(12).
6
Let w(y) = 7*y + 1903. Give w(-86).
1301
Let z(m) = -36174*m + 217046. Give z(6).
2
Let n(q) = -q**3 - 5*q**2 + 216*q - 415. Determine n(2).
-11
Let v(x) = 1256*x - 14745. What is v(11)?
-929
Let o(u) = 3*u**3 - 116*u**2 + 60*u - 3840. What is o(39)?
21
Let d(g) = -4*g**2 - 231*g + 933. What is d(-62)?
-121
Let w(a) = 37365*a + 186734. Give w(-5).
-91
Let b(x) = 2*x**3 - 157*x**2 - 1671*x - 80. Give b(88).
8
Let x(d) = -6406*d - 2062728. What is x(-322)?
4
Let l(h) = 42*h**2 - 86*h - 210. Calculate l(-2).
130
Let q(o) = -2*o**2 + 2087*o - 231213. Determine q(126).
-3
Let x(o) = 86*o + 100. Determine x(-6).
-416
Let t(d) = -2*d**2 - 325*d - 2032. Give t(-157).
-305
Let y(w) = 671*w + 19141. Give y(-36).
-5015
Let f(g) = g**3 + 96*g**2 - 834*g - 71477. What is f(-97)?
12
Let p(a) = 19380*a + 135903. Determine p(-7).
243
Let g(t) = -t**3 - 106*t**2 - 2675*t + 549. What is g(-42)?
3
Let j(a) = 5*a**2 - 190*a - 568. Give j(-13).
2747
Let h(g) = 8*g**3 + 944*g**2 + 1842*g - 1573. Determine h(-116).
51
Let s(l) = 52*l**2 + 1076*l + 4627. Calculate s(-6).
43
Let h(c) = 113191*c + 2377005. Give h(-21).
-6
Let y(j) = -6*j**2 + j + 1554. What is y(-16)?
2
Let c(l) = 16*l - 3324. Give c(187).
-332
Let u(y) = 3492*y**2 - 740301*y - 622. Determine u(212).
14
Let a(f) = -f**2 - 1229*f + 21195. Calculate a(17).
13
Let y(m) = -12*m**2 - 164*m + 58. Give y(-16).
-390
Let t(b) = -b**2 - 1949*b + 43316. Determine t(22).
-46
Let f(i) = -176*i - 39003. Determine f(-222).
69
Let t(c) = c**3 - 12*c**2 + 148*c - 2347. Give t(14).
117
Let g(a) = 2*a**3 + 696*a**2 + 2085*a + 5256. What is g(-345)?
81
Let j(l) = 3028*l - 36866. What is j(12)?
-530
Let q(i) = -401*i - 30628. Give q(-76).
-152
Let g(k) = 443663*k - 1330969. Give g(3).
20
Let h(a) = -73*a + 1665. Give h(22).
59
Let d(o) = -2*o**2 + 367*o + 4491. Give d(-12).
-201
Let u(v) = -640*v + 198406. Give u(310).
6
Let q(w) = -7497*w + 4952. Calculate q(1).
-2545
Let k(z) = -254*z + 14456. What is k(57)?
-22
Let t(n) = n**3 - 94*n**2 - 397*n + 28680. Calculate t(95).
-10
Let a(s) = 910*s + 25511. Give a(-28).
31
Let f(l) = -25*l**2 - 26*l + 22. What is f(2)?
-130
Let m(l) = -l**2 + 180*l + 2645. What is m(-14)?
-71
Let r(z) = 107*z**2 - 388*z + 401. What is r(1)?
120
Let z(r) = 11*r**3 - 130*r**2 + 41*r - 817. Calculate z(12).
-37
Let x(y) = 108609*y + 434435. Determine x(-4).
-1
Let q(j) = 5*j**3 + 999*j**2 - 2228*j - 1273. Give q(-202).
-61
Let n(u) = u**2 - 284*u + 6837. Give n(23).
834
Let y(q) = q**3 + 6*q**2 - 1036*q + 5207. Calculate y(5).
302
Let q(s) = s**3 + 36*s**2 + 169*s - 344. Calculate q(-30).
-14
Let v(t) = -2078*t**3 + 25*t**2 + 18*t - 16. Determine v(1).
-2051
Let w(v) = 1322*v - 381. Calculate w(1).
941
Let j(n) = -2*n**3 - 304*n**2 + 96*n + 14577. Calculate j(-152).
-15
Let q(b) = -569*b - 93322. Calculate q(-164).
-6
Let v(f) = 4320*f + 21647. Give v(-5).
47
Let w(t) = -t**3 + 5*t**2 - 530*t - 16980. Calculate w(-18).
12
Let r(g) = 9180*g - 64172. Determine r(7).
88
Let n(z) = -22836*z - 45742. Calculate n(-2).
-70
Let x(p) = p**2 - 1185*p - 28641. Calculate x(-24).
375
Let y(b) = -b**3 - 60*b**2 - 906*b - 128. What is y(-29)?
75
Let z(j) = 6182*j - 148383. Give z(24).
-15
Let w(m) = 29*m**3 + 3*m**2 + 1280*m + 2563. Determine w(-2).
-217
Let t(c) = c**3 - 103*c**2 - 54699*c - 2613. Calculate t(291).
6
Let z(y) = 10*y**3 + 228*y**2 - 89*y - 1007. Give z(-23).
-18
Let m(q) = q**3 + 74*q**2 + 807*q + 141. Give m(-13).
-41
Let l(x) = 8*x**2 - 447*x - 2226. Calculate l(-5).
209
Let l(h) = 3*h**2 - 1221*h - 6074. Determine l(-5).
106
Let t(p) = 193*p**2 + 1121*p + 741. Calculate t(-5).
-39
Let s(d) = d**3 + 23*d**2 + 66*d - 881. Determine s(-14).
-41
Let t(z) = -4*z**2 - 1086*z + 23851. Determine t(22).
-1977
Let g(x) = x**3 + 12*x**2 + 808*x + 15184. Give g(-17).
3
Let s(d) = d + 261. What is s(-105)?
156
Let b(g) = -g**3 - 64*g**2 + 76*g - 3188. Determine b(-66).
508
Let w(j) = -263*j - 7044. Calculate w(-26).
-206
Let m(y) = -35*y**2 - 34*y + 154. Determine m(5).
-891
Let l(p) = p**3 + 3*p**2 - 93*p - 622. Give l(0).
-622
Let j(m) = 2*m**3 + 37*m**2 - 379*m - 6773. Determine j(-13).
13
Let n(x) = -29*x**3 + 495*x**2 - 67*x + 549. What is n(17)?
-12
Let z(w) = 2420*w - 256625. Give z(106).
-105
Let q(z) = z**3 + 24*z**2 + 373*z + 1940. Calculate q(-10).
-390
Let x(n) = -5*n**2 - 915*n - 175. Give x(-182).
735
Let b(s) = -50*s**2 + 4382*s + 8778. Calculate b(-2).
-186
Let f(n) = 5068*n - 2407307. Calculate f(475).
-7
Let i(w) = w**3 - 11*w**2 + 3*w + 115. Determine i(10).
45
Let s(z) = -6*z**2 + 1009*z - 18685. Determine s(147).
-16
Let a(z) = 2*z**3 - 21*z**2 - 6*z + 31. Give a(15).
1966
Let v(w) = 97883*w + 4013199. What is v(-41)?
-4
Let n(p) = -2*p**3 + 17*p**2 + 190*p + 71. Calculate n(15).
-4
Let f(d) = -264*d**2 + 2198*d - 9. Give f(8).
679
Let b(r) = 8*r**3 + 1734*r**2 - 435*r + 199. What is b(-217)?
416
Let g(n) = 